?
1
Calculate the remainder when 178 is divided by 50.
28
Calculate the remainder when 854 is divided by 314.
226
Calculate the remainder when 77878 is divided by 11.
9
Calculate the remainder when 501 is divided by 42.
39
What is the remainder when 301 is divided by 149?
3
Calculate the remainder when 7588 is divided by 23.
21
Calculate the remainder when 658 is divided by 200.
58
What is the remainder when 9305 is divided by 179?
176
What is the remainder when 1488 is divided by 79?
66
What is the remainder when 299 is divided by 28?
19
Calculate the remainder when 93 is divided by 19.
17
What is the remainder when 294 is divided by 147?
0
What is the remainder when 4082 is divided by 93?
83
Calculate the remainder when 79 is divided by 52.
27
Calculate the remainder when 910 is divided by 16.
14
Calculate the remainder when 2732 is divided by 119.
114
What is the remainder when 224 is divided by 38?
34
What is the remainder when 69 is divided by 12?
9
What is the remainder when 124 is divided by 32?
28
What is the remainder when 1309 is divided by 8?
5
What is the remainder when 199 is divided by 92?
15
What is the remainder when 628 is divided by 16?
4
What is the remainder when 1062 is divided by 214?
206
Calculate the remainder when 392 is divided by 66.
62
What is the remainder when 4026 is divided by 79?
76
Calculate the remainder when 52 is divided by 38.
14
Calculate the remainder when 373 is divided by 79.
57
Calculate the remainder when 1143 is divided by 26.
25
What is the remainder when 143357 is divided by 512?
509
Calculate the remainder when 22 is divided by 8.
6
Calculate the remainder when 104 is divided by 103.
1
Calculate the remainder when 62 is divided by 33.
29
What is the remainder when 1343 is divided by 331?
19
What is the remainder when 770 is divided by 86?
82
Calculate the remainder when 374 is divided by 123.
5
What is the remainder when 1188 is divided by 35?
33
What is the remainder when 646 is divided by 21?
16
What is the remainder when 36 is divided by 25?
11
What is the remainder when 408 is divided by 10?
8
What is the remainder when 273 is divided by 153?
120
Calculate the remainder when 229 is divided by 29.
26
Calculate the remainder when 3333 is divided by 38.
27
What is the remainder when 2483 is divided by 404?
59
Calculate the remainder when 245 is divided by 125.
120
What is the remainder when 101 is divided by 30?
11
Calculate the remainder when 222 is divided by 5.
2
Calculate the remainder when 12 is divided by 10.
2
What is the remainder when 1610 is divided by 96?
74
Calculate the remainder when 228 is divided by 43.
13
What is the remainder when 854 is divided by 8?
6
What is the remainder when 26219 is divided by 38?
37
Calculate the remainder when 3429 is divided by 12.
9
What is the remainder when 96 is divided by 45?
6
Calculate the remainder when 1183 is divided by 18.
13
Calculate the remainder when 132 is divided by 15.
12
What is the remainder when 1125 is divided by 226?
221
What is the remainder when 1086 is divided by 28?
22
Calculate the remainder when 3309 is divided by 43.
41
Calculate the remainder when 560 is divided by 145.
125
Calculate the remainder when 47 is divided by 16.
15
Calculate the remainder when 147 is divided by 34.
11
Calculate the remainder when 151 is divided by 66.
19
Calculate the remainder when 169 is divided by 89.
80
What is the remainder when 204 is divided by 19?
14
Calculate the remainder when 461 is divided by 8.
5
Calculate the remainder when 1232 is divided by 306.
8
Calculate the remainder when 587 is divided by 11.
4
What is the remainder when 1679 is divided by 14?
13
What is the remainder when 555 is divided by 274?
7
Calculate the remainder when 210 is divided by 74.
62
Calculate the remainder when 492 is divided by 17.
16
Calculate the remainder when 656 is divided by 124.
36
Calculate the remainder when 528 is divided by 53.
51
What is the remainder when 17 is divided by 4?
1
What is the remainder when 594 is divided by 68?
50
What is the remainder when 71 is divided by 38?
33
What is the remainder when 116 is divided by 105?
11
What is the remainder when 13184 is divided by 314?
310
Calculate the remainder when 313 is divided by 35.
33
What is the remainder when 481 is divided by 124?
109
What is the remainder when 1304 is divided by 13?
4
Calculate the remainder when 5623 is divided by 76.
75
Calculate the remainder when 1812 is divided by 269.
198
Calculate the remainder when 3112 is divided by 7.
4
Calculate the remainder when 1349 is divided by 118.
51
What is the remainder when 2994 is divided by 178?
146
What is the remainder when 3914 is divided by 56?
50
What is the remainder when 28013 is divided by 46?
45
What is the remainder when 95 is divided by 27?
14
Calculate the remainder when 747 is divided by 357.
33
Calculate the remainder when 687 is divided by 46.
43
Calculate the remainder when 563 is divided by 105.
38
Calculate the remainder when 56 is divided by 55.
1
What is the remainder when 41 is divided by 33?
8
What is the remainder when 23919 is divided by 92?
91
Calculate the remainder when 526 is divided by 78.
58
Calculate the remainder when 6844 is divided by 163.
161
Calculate the remainder when 2337 is divided by 262.
241
What is the remainder when 241 is divided by 63?
52
Calculate the remainder when 741 is divided by 264.
213
Calculate the remainder when 21915 is divided by 13.
10
Calculate the remainder when 322 is divided by 28.
14
What is the remainder when 174 is divided by 8?
6
What is the remainder when 165 is divided by 19?
13
Calculate the remainder when 763 is divided by 377.
9
What is the remainder when 7216 is divided by 29?
24
Calculate the remainder when 467 is divided by 67.
65
Calculate the remainder when 259 is divided by 69.
52
Calculate the remainder when 4426 is divided by 123.
121
Calculate the remainder when 4261 is divided by 164.
161
What is the remainder when 114 is divided by 34?
12
What is the remainder when 179 is divided by 32?
19
Calculate the remainder when 597 is divided by 13.
12
Calculate the remainder when 657 is divided by 217.
6
What is the remainder when 700 is divided by 70?
0
Calculate the remainder when 9943 is divided by 113.
112
Calculate the remainder when 1178 is divided by 57.
38
Calculate the remainder when 119 is divided by 4.
3
What is the remainder when 630 is divided by 35?
0
What is the remainder when 1454 is divided by 59?
38
What is the remainder when 54 is divided by 28?
26
Calculate the remainder when 5091 is divided by 67.
66
Calculate the remainder when 840 is divided by 171.
156
Calculate the remainder when 59 is divided by 19.
2
Calculate the remainder when 872 is divided by 56.
32
Calculate the remainder when 1948 is divided by 78.
76
What is the remainder when 123 is divided by 55?
13
What is the remainder when 186 is divided by 9?
6
Calculate the remainder when 272 is divided by 11.
8
What is the remainder when 185 is divided by 84?
17
Calculate the remainder when 512 is divided by 72.
8
What is the remainder when 145 is divided by 30?
25
What is the remainder when 7142 is divided by 19?
17
Calculate the remainder when 85 is divided by 14.
1
What is the remainder when 284 is divided by 18?
14
What is the remainder when 201 is divided by 51?
48
What is the remainder when 614 is divided by 125?
114
Calculate the remainder when 271 is divided by 23.
18
What is the remainder when 1264 is divided by 33?
10
What is the remainder when 209 is divided by 40?
9
What is the remainder when 14941 is divided by 51?
49
Calculate the remainder when 39 is divided by 34.
5
What is the remainder when 156 is divided by 65?
26
What is the remainder when 191 is divided by 58?
17
Calculate the remainder when 1440 is divided by 13.
10
What is the remainder when 889 is divided by 11?
9
Calculate the remainder when 79 is divided by 42.
37
What is the remainder when 13948 is divided by 75?
73
What is the remainder when 1867 is divided by 10?
7
What is the remainder when 892 is divided by 440?
12
Calculate the remainder when 614 is divided by 8.
6
What is the remainder when 277 is divided by 70?
67
What is the remainder when 244 is divided by 41?
39
Calculate the remainder when 